 2 - -2210100021110?
2210100021112
In base 9, what is -314 - 116871?
-117285
In base 9, what is -66261068 + -3?
-66261072
In base 8, what is 2 + -35773313?
-35773311
In base 2, what is -100001 + -111110010011001?
-111110010111010
In base 9, what is -2587834 - -23?
-2587811
In base 16, what is -1 - -264676?
264675
In base 12, what is 2681 - 3916a?
-366a9
In base 7, what is 522643 + -1066?
521544
In base 10, what is -11156 + 1250?
-9906
In base 4, what is 30 - 202000123210?
-202000123120
In base 11, what is -7858 - -599?
-726a
In base 4, what is -13110212121031 - 10?
-13110212121101
In base 5, what is -110332141 - -2003?
-110330133
In base 11, what is -5 - 792a03a?
-792a044
In base 9, what is 21 - -742158?
742180
In base 2, what is 10 + 1011110010101000101001000?
1011110010101000101001010
In base 2, what is 101111100111101011100000 + 100?
101111100111101011100100
In base 3, what is 0 - -20212112120001011?
20212112120001011
In base 9, what is 0 - -13472445?
13472445
In base 8, what is 2 - 417064354?
-417064352
In base 12, what is 2274977 - -9?
2274984
In base 7, what is 132453046 + 3?
132453052
In base 3, what is 201222212122 - 1202002?
201221010120
In base 5, what is 134 - 2202134?
-2202000
In base 9, what is 125776120 - 2?
125776117
In base 16, what is -252769d - 2?
-252769f
In base 7, what is 53166 + 300523?
354022
In base 4, what is -13 - 12323132231?
-12323132310
In base 6, what is 3510 - 102413?
-54503
In base 4, what is 11131110233 - -120?
11131111013
In base 4, what is -10123021331 - 113?
-10123022110
In base 3, what is -202 + 2101212011020?
2101212010111
In base 7, what is 1063236 + 11360?
1104626
In base 12, what is 242 - 36a76?
-36834
In base 6, what is 1013234 - 2321?
1010513
In base 15, what is 3123c + -103?
31139
In base 13, what is -2 + 1a600274?
1a600272
In base 16, what is 8 + a3bea?
a3bf2
In base 14, what is 181ba04c - -1?
181ba04d
In base 2, what is 10001010111011111111 + 1101100000?
10001011001001011111
In base 13, what is -73 + cc76?
cc03
In base 14, what is 4 + -d037cb?
-d037c7
In base 11, what is 66 + 3a00a1?
3a0157
In base 9, what is -251 + -2432388?
-2432650
In base 11, what is -946 + 10682a?
105994
In base 15, what is -2 + -5e121e8?
-5e121ea
In base 3, what is 2012 + 2220120022?
2220122111
In base 7, what is -102 + 23522630?
23522525
In base 14, what is 2 - 6adc81d?
-6adc81b
In base 9, what is -16423364 + 3?
-16423361
In base 2, what is 10011111111001111110 + 11?
10011111111010000001
In base 11, what is -1aaa + 271577?
26a578
In base 6, what is -13544215 - 303?
-13544522
In base 11, what is -4 + 84a94061?
84a94058
In base 7, what is 10445000 + 565?
10445565
In base 13, what is -cbb + 205?
-ab6
In base 4, what is -3030 + -2200110?
-2203200
In base 9, what is 5 - 122616224?
-122616218
In base 6, what is 55335315304 + 5?
55335315313
In base 5, what is -3423120322 - 33?
-3423120410
In base 13, what is 57c7b5 + -4?
57c7b1
In base 4, what is -1123 - 1330212020?
-1330213203
In base 8, what is -35645561 - -17?
-35645542
In base 13, what is 5524 + -7c1?
4a33
In base 2, what is 0 - -111110011000011100010101?
111110011000011100010101
In base 6, what is 23345 + -11101215?
-11033430
In base 6, what is -150530 - -3004?
-143522
In base 11, what is -119057 + -52?
-1190a9
In base 13, what is -6c49 + -a33?
-797c
In base 6, what is 203545032 + 14?
203545050
In base 9, what is 5 - -2325730?
2325735
In base 10, what is -78275 + 102?
-78173
In base 10, what is 997 + 10374?
11371
In base 3, what is 1120012210 + 11111?
1120101021
In base 12, what is -30b307851 - -1?
-30b307850
In base 6, what is -41234 + 132440?
51202
In base 8, what is -14054 - 5646?
-21722
In base 8, what is 2003 + -2336611?
-2334606
In base 11, what is -11875 - -1190?
-10695
In base 7, what is 1 + 26334420?
26334421
In base 13, what is -34 + -7a6cb?
-7a732
In base 9, what is -131521 + 131?
-131380
In base 7, what is 50141335 + -4?
50141331
In base 3, what is -122220002002122210 - -11?
-122220002002122122
In base 6, what is -4 + 14535522434?
14535522430
In base 8, what is -17 + 242656174?
242656155
In base 3, what is 201120121 + -20100210?
111012211
In base 7, what is 2 + 56450462?
56450464
In base 7, what is 5 + 125514406?
125514414
In base 4, what is 31 - 2022022123?
-2022022032
In base 9, what is 3 - 576488?
-576485
In base 2, what is 100010100001 - -1110000010001011?
1110100100101100
In base 11, what is 1205942 - 2?
1205940
In base 10, what is 14971716 - 10?
14971706
In base 3, what is -202221102011 - 1220?
-202221111001
In base 7, what is 0 - 61636230?
-61636230
In base 8, what is 3040 + 606117?
611157
In base 13, what is -145c9a4 - -4?
-145c9a0
In base 11, what is -263538a + 3?
-2635387
In base 9, what is -2 - -135624751?
135624748
In base 12, what is -356 - b5b?
-12b5
In base 8, what is 4 - -227277044?
227277050
In base 7, what is 20026 - 44535?
-24506
In base 15, what is 6 - -38cd2?
38cd8
In base 5, what is -222120323 + -3?
-222120331
In base 2, what is -10100000001100011011110110 + -11?
-10100000001100011011111001
In base 4, what is -112 - -33221220130?
33221220012
In base 7, what is -253153 + 2213?
-250640
In base 2, what is 10011011111 + -1110110001010011?
-1110011101110100
In base 4, what is 32 + 32222013122?
32222013220
In base 14, what is 3 - -6839c0?
6839c3
In base 3, what is 211 + -2011001011222?
-2011001011011
In base 4, what is -2132211 + 111010?
-2021201
In base 14, what is -1 + -7bc7bda?
-7bc7bdb
In base 16, what is f + -3d05f?
-3d050
In base 15, what is -35cec2b6 - 2?
-35cec2b8
In base 5, what is 44044401341 + -1?
44044401340
In base 14, what is 5 - -244d250?
244d255
In base 6, what is -32 - -550141421?
550141345
In base 7, what is -2 + -1051206536?
-1051206541
In base 14, what is -98 - cc928?
-cc9c2
In base 6, what is 0 + 2024100404?
2024100404
In base 16, what is 20806 - 1b4?
20652
In base 2, what is 110110110011100011001010 + 100?
110110110011100011001110
In base 12, what is -5 + -55a58b0?
-55a58b5
In base 2, what is 11 + -1111110010011110101110?
-1111110010011110101011
In base 4, what is 121130002 - -2113?
121132121
In base 8, what is 3 + 33630760?
33630763
In base 11, what is -2410357 - 2?
-2410359
In base 4, what is -111312303 + -112?
-111313021
In base 6, what is -2431 - 53114?
-55545
In base 16, what is -3 - -3598d?
3598a
In base 16, what is 154 + -6d46?
-6bf2
In base 10, what is -618 - -88145?
87527
In base 16, what is 31e - 1eed4?
-1ebb6
In base 11, what is -201 - -35a?
159
In base 13, what is 4619b - -973?
46b41
In base 11, what is -1115812 - -6?
-1115807
In base 14, what is d6b481b + 4?
d6b4821
In base 4, what is 312202 + 20121?
332323
In base 7, what is 1533436 + 132?
1533601
In base 13, what is -50c4bcb3 - 0?
-50c4bcb3
In base 5, what is 2244 + -1331210?
-1323411
In base 16, what is -c - a7842?
-a784e
In base 2, what is -100000101000001111111111010 + -101?
-100000101000001111111111111
In base 8, what is -10633640 - -15?
-10633623
In base 11, what is 288 - 50293?
-50006
In base 7, what is 324252506 + 4?
324252513
In base 12, what is 8107178 + -3?
8107175
In base 11, what is -320589 + 99?
-3204a0
In base 15, what is -23739 - -c8d?
-2299b
In base 10, what is -57 - 3441764?
-3441821
In base 14, what is -16 + 2ca628?
2ca612
In base 9, what is 14261730 - 0?
14261730
In base 14, what is -2 - -70662?
70660
In base 6, what is 453 + -512253?
-511400
In base 2, what is -11101010100011000 + -111?
-11101010100011111
In base 13, what is -1200cc + -298?
-120397
In base 3, what is -1000110202122100201 + 11?
-1000110202122100120
In base 6, what is 25204215 + -14?
25204201
In base 2, what is -100 + -1100111100100110011011?
-1100111100100110011111
In base 7, what is -22 + 21105351?
21105326
In base 12, what is 1b717 - -324?
1ba3b
In base 14, what is -9 - 14a279c7?
-14a279d2
In base 11, what is -1 - -106a257?
106a256
In base 9, what is 117412457 - 1?
117412456
In base 14, what is -7ab61 + d8?
-7aa67
In base 16, what is 3c8bed + 1?
3c8bee
In base 6, what is 2031 + 5132105?
5134140
In base 13, what is -5 - -15979ac?
15979a7
In base 3, what is -220221201 - 1122112102?
-2120111010
In base 11, what is -93317 + 454?
-92973
In base 16, what is 1ab1feda + -4?
1ab1fed6
In base 2, what is -10000 + 1110101111001001?
1110101110111001
In base 9, what is -30486471 + -7?